{"id":607,"date":"2024-11-26T11:42:26","date_gmt":"2024-11-26T10:42:26","guid":{"rendered":"https:\/\/study-web.fr\/dn3-axelle\/?page_id=607"},"modified":"2025-03-31T16:27:54","modified_gmt":"2025-03-31T14:27:54","slug":"pareidolie519-copy","status":"publish","type":"page","link":"https:\/\/axelle-lataix.art\/?page_id=607","title":{"rendered":"Pareidolie"},"content":{"rendered":"\t\t<div data-elementor-type=\"wp-page\" data-elementor-id=\"607\" class=\"elementor elementor-607\">\n\t\t\t\t<div class=\"elementor-element elementor-element-ac32bd9 e-flex e-con-boxed wpr-particle-no wpr-jarallax-no wpr-parallax-no wpr-sticky-section-no e-con e-parent\" data-id=\"ac32bd9\" data-element_type=\"container\">\n\t\t\t\t\t<div class=\"e-con-inner\">\n\t\t\t\t<div class=\"elementor-element elementor-element-da821a5 elementor-widget elementor-widget-heading\" data-id=\"da821a5\" data-element_type=\"widget\" data-widget_type=\"heading.default\">\n\t\t\t\t<div class=\"elementor-widget-container\">\n\t\t\t<h2 class=\"elementor-heading-title elementor-size-default\">Le p\u00e9riple de Ga\u00efa<\/h2>\t\t<\/div>\n\t\t\t\t<\/div>\n\t\t\t\t<div class=\"elementor-element elementor-element-5b9d22e elementor-widget elementor-widget-heading\" data-id=\"5b9d22e\" data-element_type=\"widget\" data-widget_type=\"heading.default\">\n\t\t\t\t<div class=\"elementor-widget-container\">\n\t\t\t<h2 class=\"elementor-heading-title elementor-size-default\">Peinture - Photographie - Adobe Illustrator - Indesign<br>DNMADe - 2021<\/h2>\t\t<\/div>\n\t\t\t\t<\/div>\n\t\t\t\t\t<\/div>\n\t\t\t\t<\/div>\n\t\t<div class=\"elementor-element elementor-element-232584b e-flex e-con-boxed wpr-particle-no wpr-jarallax-no wpr-parallax-no wpr-sticky-section-no e-con e-parent\" data-id=\"232584b\" data-element_type=\"container\">\n\t\t\t\t\t<div class=\"e-con-inner\">\n\t\t<div class=\"elementor-element elementor-element-304478d e-con-full e-flex wpr-particle-no wpr-jarallax-no wpr-parallax-no wpr-sticky-section-no e-con e-child\" data-id=\"304478d\" data-element_type=\"container\">\n\t\t\t\t<div class=\"elementor-element elementor-element-260f45b elementor-arrows-position-inside elementor-pagination-position-outside elementor-widget elementor-widget-image-carousel\" data-id=\"260f45b\" data-element_type=\"widget\" data-settings=\"{&quot;slides_to_show&quot;:&quot;1&quot;,&quot;navigation&quot;:&quot;both&quot;,&quot;autoplay&quot;:&quot;yes&quot;,&quot;pause_on_hover&quot;:&quot;yes&quot;,&quot;pause_on_interaction&quot;:&quot;yes&quot;,&quot;autoplay_speed&quot;:5000,&quot;infinite&quot;:&quot;yes&quot;,&quot;effect&quot;:&quot;slide&quot;,&quot;speed&quot;:500}\" data-widget_type=\"image-carousel.default\">\n\t\t\t\t<div class=\"elementor-widget-container\">\n\t\t\t\t\t<div class=\"elementor-image-carousel-wrapper swiper\" dir=\"ltr\">\n\t\t\t<div class=\"elementor-image-carousel swiper-wrapper\" aria-live=\"off\">\n\t\t\t\t\t\t\t\t<div class=\"swiper-slide\" role=\"group\" aria-roledescription=\"slide\" aria-label=\"1 sur 2\"><figure class=\"swiper-slide-inner\"><img decoding=\"async\" class=\"swiper-slide-image\" src=\"https:\/\/axelle-lataix.art\/wp-content\/uploads\/2025\/02\/20220928_083428-e1740392792396.png\" alt=\"20220928_083428\" \/><\/figure><\/div><div class=\"swiper-slide\" role=\"group\" aria-roledescription=\"slide\" aria-label=\"2 sur 2\"><figure class=\"swiper-slide-inner\"><img decoding=\"async\" class=\"swiper-slide-image\" src=\"https:\/\/axelle-lataix.art\/wp-content\/uploads\/2025\/02\/IMG_0065-e1740394455217.jpg\" alt=\"IMG_0065\" \/><\/figure><\/div>\t\t\t<\/div>\n\t\t\t\t\t\t\t\t\t\t\t\t<div class=\"elementor-swiper-button elementor-swiper-button-prev\" role=\"button\" tabindex=\"0\">\n\t\t\t\t\t\t<svg aria-hidden=\"true\" class=\"e-font-icon-svg e-eicon-chevron-left\" viewBox=\"0 0 1000 1000\" xmlns=\"http:\/\/www.w3.org\/2000\/svg\"><path d=\"M646 125C629 125 613 133 604 142L308 442C296 454 292 471 292 487 292 504 296 521 308 533L604 854C617 867 629 875 646 875 663 875 679 871 692 858 704 846 713 829 713 812 713 796 708 779 692 767L438 487 692 225C700 217 708 204 708 187 708 171 704 154 692 142 675 129 663 125 646 125Z\"><\/path><\/svg>\t\t\t\t\t<\/div>\n\t\t\t\t\t<div class=\"elementor-swiper-button elementor-swiper-button-next\" role=\"button\" tabindex=\"0\">\n\t\t\t\t\t\t<svg aria-hidden=\"true\" class=\"e-font-icon-svg e-eicon-chevron-right\" viewBox=\"0 0 1000 1000\" xmlns=\"http:\/\/www.w3.org\/2000\/svg\"><path d=\"M696 533C708 521 713 504 713 487 713 471 708 454 696 446L400 146C388 133 375 125 354 125 338 125 325 129 313 142 300 154 292 171 292 187 292 204 296 221 308 233L563 492 304 771C292 783 288 800 288 817 288 833 296 850 308 863 321 871 338 875 354 875 371 875 388 867 400 854L696 533Z\"><\/path><\/svg>\t\t\t\t\t<\/div>\n\t\t\t\t\n\t\t\t\t\t\t\t\t\t<div class=\"swiper-pagination\"><\/div>\n\t\t\t\t\t\t\t\t\t<\/div>\n\t\t\t\t<\/div>\n\t\t\t\t<\/div>\n\t\t\t\t<\/div>\n\t\t<div class=\"elementor-element elementor-element-269ebd3 e-con-full e-flex wpr-particle-no wpr-jarallax-no wpr-parallax-no wpr-sticky-section-no e-con e-child\" data-id=\"269ebd3\" data-element_type=\"container\">\n\t\t\t\t<div class=\"elementor-element elementor-element-db2baa9 elementor-widget elementor-widget-heading\" data-id=\"db2baa9\" data-element_type=\"widget\" data-widget_type=\"heading.default\">\n\t\t\t\t<div class=\"elementor-widget-container\">\n\t\t\t<h2 class=\"elementor-heading-title elementor-size-default\">Ce projet, r\u00e9alis\u00e9 dans le cadre de mes \u00e9tudes, prend racine dans une production artistique abstraite sur une nappe en papier. Cette exploration du geste et de sa trace s\u2019appuie sur le principe du \"all over\".<br><br>Satisfaite du r\u00e9sultat, j\u2019ai photographi\u00e9 les sections les plus esth\u00e9tiques ou intrigantes, puis, \u00e0 l\u2019aide d\u2019Illustrator, j\u2019ai rogn\u00e9 ces clich\u00e9s en carr\u00e9s de 20x20 cm avant de les vectoriser en noir et blanc. Ce processus m\u2019a permis d\u2019obtenir des formes simplifi\u00e9es et contrast\u00e9es, r\u00e9v\u00e9lant diverses illusions visuelles. Ces d\u00e9couvertes m\u2019ont inspir\u00e9 une histoire fond\u00e9e sur ma perception de la par\u00e9idolie. <br><br>Ce ph\u00e9nom\u00e8ne pousse \u00e0 voir un stimulus vague ou ambigu comme une forme claire et distincte. Instinctivement, notre cerveau rep\u00e8re des motifs familiers dans des images d\u00e9sordonn\u00e9es, comme des visages dans les nuages ou des silhouettes dans les constellations.<\/h2>\t\t<\/div>\n\t\t\t\t<\/div>\n\t\t\t\t<\/div>\n\t\t\t\t\t<\/div>\n\t\t\t\t<\/div>\n\t\t<div class=\"elementor-element elementor-element-dd27356 e-flex e-con-boxed wpr-particle-no wpr-jarallax-no wpr-parallax-no wpr-sticky-section-no e-con e-parent\" data-id=\"dd27356\" data-element_type=\"container\">\n\t\t\t\t\t<div class=\"e-con-inner\">\n\t\t\t\t<div class=\"elementor-element elementor-element-391571f elementor-widget elementor-widget-image\" data-id=\"391571f\" data-element_type=\"widget\" data-widget_type=\"image.default\">\n\t\t\t\t<div class=\"elementor-widget-container\">\n\t\t\t\t\t\t\t\t\t\t\t\t\t\t<a href=\"https:\/\/axelle-lataix.art\/wp-content\/uploads\/2024\/11\/pareidolie-realisation.jpg\" data-elementor-open-lightbox=\"yes\" data-elementor-lightbox-title=\"pareidolie-realisation\" data-e-action-hash=\"#elementor-action%3Aaction%3Dlightbox%26settings%3DeyJpZCI6MzIwLCJ1cmwiOiJodHRwczpcL1wvYXhlbGxlLWxhdGFpeC5hcnRcL3dwLWNvbnRlbnRcL3VwbG9hZHNcLzIwMjRcLzExXC9wYXJlaWRvbGllLXJlYWxpc2F0aW9uLmpwZyJ9\">\n\t\t\t\t\t\t\t<img fetchpriority=\"high\" decoding=\"async\" width=\"1191\" height=\"842\" src=\"https:\/\/axelle-lataix.art\/wp-content\/uploads\/2024\/11\/pareidolie-realisation.jpg\" class=\"attachment-1536x1536 size-1536x1536 wp-image-320\" alt=\"\" srcset=\"https:\/\/axelle-lataix.art\/wp-content\/uploads\/2024\/11\/pareidolie-realisation.jpg 1191w, https:\/\/axelle-lataix.art\/wp-content\/uploads\/2024\/11\/pareidolie-realisation-300x212.jpg 300w, https:\/\/axelle-lataix.art\/wp-content\/uploads\/2024\/11\/pareidolie-realisation-1024x724.jpg 1024w, https:\/\/axelle-lataix.art\/wp-content\/uploads\/2024\/11\/pareidolie-realisation-768x543.jpg 768w\" sizes=\"(max-width: 1191px) 100vw, 1191px\" \/>\t\t\t\t\t\t\t\t<\/a>\n\t\t\t\t\t\t\t\t\t\t\t\t\t<\/div>\n\t\t\t\t<\/div>\n\t\t\t\t\t<\/div>\n\t\t\t\t<\/div>\n\t\t<div class=\"elementor-element elementor-element-a79b51c e-flex e-con-boxed wpr-particle-no wpr-jarallax-no wpr-parallax-no wpr-sticky-section-no e-con e-parent\" data-id=\"a79b51c\" data-element_type=\"container\">\n\t\t\t\t\t<div class=\"e-con-inner\">\n\t\t\t\t<div class=\"elementor-element elementor-element-0230316 elementor-widget elementor-widget-heading\" data-id=\"0230316\" data-element_type=\"widget\" data-widget_type=\"heading.default\">\n\t\t\t\t<div class=\"elementor-widget-container\">\n\t\t\t<h2 class=\"elementor-heading-title elementor-size-default\">\u00c0 travers ce projet, j\u2019ai explor\u00e9 la richesse des interpr\u00e9tations possibles, transformant des traces al\u00e9atoires en images \u00e9vocatrices, propices \u00e0 la narration et \u00e0 l\u2019imaginaire.<\/h2>\t\t<\/div>\n\t\t\t\t<\/div>\n\t\t\t\t<div class=\"elementor-element elementor-element-0358cfb elementor-widget elementor-widget-spacer\" data-id=\"0358cfb\" data-element_type=\"widget\" data-widget_type=\"spacer.default\">\n\t\t\t\t<div class=\"elementor-widget-container\">\n\t\t\t\t\t<div class=\"elementor-spacer\">\n\t\t\t<div class=\"elementor-spacer-inner\"><\/div>\n\t\t<\/div>\n\t\t\t\t<\/div>\n\t\t\t\t<\/div>\n\t\t\t\t\t<\/div>\n\t\t\t\t<\/div>\n\t\t\t\t<\/div>\n\t\t","protected":false},"excerpt":{"rendered":"<p>Le p\u00e9riple de Ga\u00efa Peinture &#8211; Photographie &#8211; Adobe Illustrator &#8211; IndesignDNMADe &#8211; 2021 Ce projet, r\u00e9alis\u00e9 dans le cadre de mes \u00e9tudes, prend racine dans une production artistique abstraite sur une nappe en papier. Cette exploration du geste et de sa trace s\u2019appuie sur le principe du \u00ab\u00a0all over\u00a0\u00bb. Satisfaite du r\u00e9sultat, j\u2019ai photographi\u00e9 les sections les plus esth\u00e9tiques ou intrigantes, puis, \u00e0 l\u2019aide d\u2019Illustrator, j\u2019ai rogn\u00e9 ces clich\u00e9s en carr\u00e9s de 20&#215;20 cm avant de les vectoriser en noir et blanc. Ce processus m\u2019a permis d\u2019obtenir des formes simplifi\u00e9es et contrast\u00e9es, r\u00e9v\u00e9lant diverses illusions visuelles. Ces d\u00e9couvertes m\u2019ont inspir\u00e9 une histoire fond\u00e9e sur ma perception de la par\u00e9idolie. Ce ph\u00e9nom\u00e8ne pousse \u00e0 voir un stimulus vague ou ambigu comme une forme claire et distincte. Instinctivement, notre cerveau rep\u00e8re des motifs familiers dans des images d\u00e9sordonn\u00e9es, comme des visages dans les nuages ou des silhouettes dans les constellations. \u00c0 travers ce projet, j\u2019ai explor\u00e9 la richesse des interpr\u00e9tations possibles, transformant des traces al\u00e9atoires en images \u00e9vocatrices, propices \u00e0 la narration et \u00e0 l\u2019imaginaire.<\/p>\n","protected":false},"author":1,"featured_media":0,"parent":0,"menu_order":0,"comment_status":"closed","ping_status":"closed","template":"","meta":{"site-sidebar-layout":"no-sidebar","site-content-layout":"","ast-site-content-layout":"full-width-container","site-content-style":"default","site-sidebar-style":"default","ast-global-header-display":"","ast-banner-title-visibility":"","ast-main-header-display":"","ast-hfb-above-header-display":"","ast-hfb-below-header-display":"","ast-hfb-mobile-header-display":"","site-post-title":"disabled","ast-breadcrumbs-content":"","ast-featured-img":"disabled","footer-sml-layout":"","theme-transparent-header-meta":"","adv-header-id-meta":"","stick-header-meta":"","header-above-stick-meta":"","header-main-stick-meta":"","header-below-stick-meta":"","astra-migrate-meta-layouts":"default","ast-page-background-enabled":"default","ast-page-background-meta":{"desktop":{"background-color":"var(--ast-global-color-4)","background-image":"","background-repeat":"repeat","background-position":"center center","background-size":"auto","background-attachment":"scroll","background-type":"","background-media":"","overlay-type":"","overlay-color":"","overlay-opacity":"","overlay-gradient":""},"tablet":{"background-color":"","background-image":"","background-repeat":"repeat","background-position":"center center","background-size":"auto","background-attachment":"scroll","background-type":"","background-media":"","overlay-type":"","overlay-color":"","overlay-opacity":"","overlay-gradient":""},"mobile":{"background-color":"","background-image":"","background-repeat":"repeat","background-position":"center center","background-size":"auto","background-attachment":"scroll","background-type":"","background-media":"","overlay-type":"","overlay-color":"","overlay-opacity":"","overlay-gradient":""}},"ast-content-background-meta":{"desktop":{"background-color":"var(--ast-global-color-5)","background-image":"","background-repeat":"repeat","background-position":"center center","background-size":"auto","background-attachment":"scroll","background-type":"","background-media":"","overlay-type":"","overlay-color":"","overlay-opacity":"","overlay-gradient":""},"tablet":{"background-color":"var(--ast-global-color-5)","background-image":"","background-repeat":"repeat","background-position":"center center","background-size":"auto","background-attachment":"scroll","background-type":"","background-media":"","overlay-type":"","overlay-color":"","overlay-opacity":"","overlay-gradient":""},"mobile":{"background-color":"var(--ast-global-color-5)","background-image":"","background-repeat":"repeat","background-position":"center center","background-size":"auto","background-attachment":"scroll","background-type":"","background-media":"","overlay-type":"","overlay-color":"","overlay-opacity":"","overlay-gradient":""}},"footnotes":""},"class_list":["post-607","page","type-page","status-publish","hentry"],"_links":{"self":[{"href":"https:\/\/axelle-lataix.art\/index.php?rest_route=\/wp\/v2\/pages\/607","targetHints":{"allow":["GET"]}}],"collection":[{"href":"https:\/\/axelle-lataix.art\/index.php?rest_route=\/wp\/v2\/pages"}],"about":[{"href":"https:\/\/axelle-lataix.art\/index.php?rest_route=\/wp\/v2\/types\/page"}],"author":[{"embeddable":true,"href":"https:\/\/axelle-lataix.art\/index.php?rest_route=\/wp\/v2\/users\/1"}],"replies":[{"embeddable":true,"href":"https:\/\/axelle-lataix.art\/index.php?rest_route=%2Fwp%2Fv2%2Fcomments&post=607"}],"version-history":[{"count":60,"href":"https:\/\/axelle-lataix.art\/index.php?rest_route=\/wp\/v2\/pages\/607\/revisions"}],"predecessor-version":[{"id":1009,"href":"https:\/\/axelle-lataix.art\/index.php?rest_route=\/wp\/v2\/pages\/607\/revisions\/1009"}],"wp:attachment":[{"href":"https:\/\/axelle-lataix.art\/index.php?rest_route=%2Fwp%2Fv2%2Fmedia&parent=607"}],"curies":[{"name":"wp","href":"https:\/\/api.w.org\/{rel}","templated":true}]}}