{"id":366,"date":"2024-11-24T18:13:04","date_gmt":"2024-11-24T17:13:04","guid":{"rendered":"https:\/\/study-web.fr\/dn3-axelle\/?page_id=366"},"modified":"2025-03-31T16:19:33","modified_gmt":"2025-03-31T14:19:33","slug":"non-sens-366","status":"publish","type":"page","link":"https:\/\/axelle-lataix.art\/?page_id=366","title":{"rendered":"Non Sens"},"content":{"rendered":"\t\t<div data-elementor-type=\"wp-page\" data-elementor-id=\"366\" class=\"elementor elementor-366\">\n\t\t\t\t<div class=\"elementor-element elementor-element-fd86cc6 e-flex e-con-boxed wpr-particle-no wpr-jarallax-no wpr-parallax-no wpr-sticky-section-no e-con e-parent\" data-id=\"fd86cc6\" data-element_type=\"container\">\n\t\t\t\t\t<div class=\"e-con-inner\">\n\t\t\t\t<div class=\"elementor-element elementor-element-f84520e elementor-widget elementor-widget-heading\" data-id=\"f84520e\" data-element_type=\"widget\" data-widget_type=\"heading.default\">\n\t\t\t\t<div class=\"elementor-widget-container\">\n\t\t\t<h2 class=\"elementor-heading-title elementor-size-default\">Non-sens<\/h2>\t\t<\/div>\n\t\t\t\t<\/div>\n\t\t\t\t<div class=\"elementor-element elementor-element-f7c99b8 elementor-widget elementor-widget-heading\" data-id=\"f7c99b8\" data-element_type=\"widget\" data-widget_type=\"heading.default\">\n\t\t\t\t<div class=\"elementor-widget-container\">\n\t\t\t<h2 class=\"elementor-heading-title elementor-size-default\">Photographie - Adobe Illustrator<br>DNMADe - 2022<\/h2>\t\t<\/div>\n\t\t\t\t<\/div>\n\t\t\t\t\t<\/div>\n\t\t\t\t<\/div>\n\t\t<div class=\"elementor-element elementor-element-dc94176 e-flex e-con-boxed wpr-particle-no wpr-jarallax-no wpr-parallax-no wpr-sticky-section-no e-con e-parent\" data-id=\"dc94176\" data-element_type=\"container\">\n\t\t\t\t\t<div class=\"e-con-inner\">\n\t\t<div class=\"elementor-element elementor-element-f5eac43 e-con-full e-flex wpr-particle-no wpr-jarallax-no wpr-parallax-no wpr-sticky-section-no e-con e-child\" data-id=\"f5eac43\" data-element_type=\"container\">\n\t\t\t\t<div class=\"elementor-element elementor-element-391571f elementor-widget elementor-widget-image\" data-id=\"391571f\" data-element_type=\"widget\" data-widget_type=\"image.default\">\n\t\t\t\t<div class=\"elementor-widget-container\">\n\t\t\t\t\t\t\t\t\t\t\t\t\t\t<a href=\"https:\/\/axelle-lataix.art\/wp-content\/uploads\/2024\/11\/Non-Sens-e1732468386987.png\" data-elementor-open-lightbox=\"yes\" data-elementor-lightbox-title=\"Non-Sens\" data-e-action-hash=\"#elementor-action%3Aaction%3Dlightbox%26settings%3DeyJpZCI6MzY4LCJ1cmwiOiJodHRwczpcL1wvYXhlbGxlLWxhdGFpeC5hcnRcL3dwLWNvbnRlbnRcL3VwbG9hZHNcLzIwMjRcLzExXC9Ob24tU2Vucy1lMTczMjQ2ODM4Njk4Ny5wbmcifQ%3D%3D\">\n\t\t\t\t\t\t\t<img fetchpriority=\"high\" decoding=\"async\" width=\"852\" height=\"1024\" src=\"https:\/\/axelle-lataix.art\/wp-content\/uploads\/2024\/11\/Non-Sens-e1732468386987-852x1024.png\" class=\"attachment-large size-large wp-image-368\" alt=\"\" srcset=\"https:\/\/axelle-lataix.art\/wp-content\/uploads\/2024\/11\/Non-Sens-e1732468386987-852x1024.png 852w, https:\/\/axelle-lataix.art\/wp-content\/uploads\/2024\/11\/Non-Sens-e1732468386987-250x300.png 250w, https:\/\/axelle-lataix.art\/wp-content\/uploads\/2024\/11\/Non-Sens-e1732468386987-768x923.png 768w, https:\/\/axelle-lataix.art\/wp-content\/uploads\/2024\/11\/Non-Sens-e1732468386987-1278x1536.png 1278w, https:\/\/axelle-lataix.art\/wp-content\/uploads\/2024\/11\/Non-Sens-e1732468386987-1704x2048.png 1704w\" sizes=\"(max-width: 852px) 100vw, 852px\" \/>\t\t\t\t\t\t\t\t<\/a>\n\t\t\t\t\t\t\t\t\t\t\t\t\t<\/div>\n\t\t\t\t<\/div>\n\t\t\t\t<\/div>\n\t\t<div class=\"elementor-element elementor-element-3e4cf21 e-con-full e-flex wpr-particle-no wpr-jarallax-no wpr-parallax-no wpr-sticky-section-no e-con e-child\" data-id=\"3e4cf21\" data-element_type=\"container\">\n\t\t<div class=\"elementor-element elementor-element-2fa12a3 e-con-full e-flex wpr-particle-no wpr-jarallax-no wpr-parallax-no wpr-sticky-section-no e-con e-child\" data-id=\"2fa12a3\" data-element_type=\"container\">\n\t\t\t\t<div class=\"elementor-element elementor-element-b10be0e elementor-widget elementor-widget-heading\" data-id=\"b10be0e\" data-element_type=\"widget\" data-widget_type=\"heading.default\">\n\t\t\t\t<div class=\"elementor-widget-container\">\n\t\t\t<h2 class=\"elementor-heading-title elementor-size-default\">Narration par association<br> Projet de mise en sc\u00e8ne et direction artistique<\/h2>\t\t<\/div>\n\t\t\t\t<\/div>\n\t\t\t\t<div class=\"elementor-element elementor-element-e253bf7 elementor-widget__width-initial elementor-widget elementor-widget-text-editor\" data-id=\"e253bf7\" data-element_type=\"widget\" data-widget_type=\"text-editor.default\">\n\t\t\t\t<div class=\"elementor-widget-container\">\n\t\t\t\t\t\t\t<p>Dans le cadre de cet exercice de narration par association, j\u2019ai construit un sc\u00e9nario \u00e0 partir de trois \u00e9l\u00e9ments impos\u00e9s :<\/p><ul data-spread=\"false\"><li><strong>Une r\u00e9plique<\/strong> : \u00ab\u00a0J\u2019ai pas un rond sur moi\u00a0\u00bb<\/li><li><strong>Un lieu<\/strong> : Le plateau t\u00e9l\u00e9 d\u2019une \u00e9mission \u00e0 succ\u00e8s<\/li><li><strong>Un objet<\/strong> : Une plante grasse<\/li><\/ul><p>L\u2019objectif \u00e9tait de cr\u00e9er une s\u00e9quence qui mette en valeur un plan particulier et d\u2019explorer un contraste chromatique inspir\u00e9 de la th\u00e9orie d\u2019Itten, avec une gamme bichromatique.<\/p>\t\t\t\t\t\t<\/div>\n\t\t\t\t<\/div>\n\t\t\t\t<\/div>\n\t\t<div class=\"elementor-element elementor-element-cd74b44 e-con-full e-flex wpr-particle-no wpr-jarallax-no wpr-parallax-no wpr-sticky-section-no e-con e-child\" data-id=\"cd74b44\" data-element_type=\"container\">\n\t\t\t\t<div class=\"elementor-element elementor-element-412d872 elementor-widget elementor-widget-heading\" data-id=\"412d872\" data-element_type=\"widget\" data-widget_type=\"heading.default\">\n\t\t\t\t<div class=\"elementor-widget-container\">\n\t\t\t<h2 class=\"elementor-heading-title elementor-size-default\">Approche visuelle<\/h2>\t\t<\/div>\n\t\t\t\t<\/div>\n\t\t\t\t<div class=\"elementor-element elementor-element-7dc8a82 elementor-widget elementor-widget-heading\" data-id=\"7dc8a82\" data-element_type=\"widget\" data-widget_type=\"heading.default\">\n\t\t\t\t<div class=\"elementor-widget-container\">\n\t\t\t<h2 class=\"elementor-heading-title elementor-size-default\">J\u2019ai choisi une gamme bichromatique bas\u00e9e sur le contraste de couleur compl\u00e9mentaire d\u00e9fini par Itten, en opposant le jaune (associ\u00e9 \u00e0 la festivit\u00e9, la lumi\u00e8re et l\u2019\u00e9nergie du plateau t\u00e9l\u00e9) au bleu (repr\u00e9sentant Max Rond, \u00e9tranger au d\u00e9cor, en d\u00e9calage avec l\u2019ambiance de l\u2019\u00e9mission). <br>Cette opposition accentue la dualit\u00e9 entre l\u2019univers de l\u2019\u00e9mission et l\u2019\u00e9tat d\u2019esprit du personnage principal, tout en renfor\u00e7ant l\u2019impact visuel de la sc\u00e8ne finale.<\/h2>\t\t<\/div>\n\t\t\t\t<\/div>\n\t\t\t\t<\/div>\n\t\t\t\t<\/div>\n\t\t\t\t\t<\/div>\n\t\t\t\t<\/div>\n\t\t<div class=\"elementor-element elementor-element-037589f e-flex e-con-boxed wpr-particle-no wpr-jarallax-no wpr-parallax-no wpr-sticky-section-no e-con e-parent\" data-id=\"037589f\" data-element_type=\"container\">\n\t\t\t\t\t<div class=\"e-con-inner\">\n\t\t\t\t<div class=\"elementor-element elementor-element-1da4cf7 elementor-widget elementor-widget-heading\" data-id=\"1da4cf7\" data-element_type=\"widget\" data-widget_type=\"heading.default\">\n\t\t\t\t<div class=\"elementor-widget-container\">\n\t\t\t<h2 class=\"elementor-heading-title elementor-size-default\">Concept et mise en sc\u00e8ne<\/h2>\t\t<\/div>\n\t\t\t\t<\/div>\n\t\t\t\t<div class=\"elementor-element elementor-element-4f688e5 elementor-widget elementor-widget-heading\" data-id=\"4f688e5\" data-element_type=\"widget\" data-widget_type=\"heading.default\">\n\t\t\t\t<div class=\"elementor-widget-container\">\n\t\t\t<h2 class=\"elementor-heading-title elementor-size-default\">Mon sc\u00e9nario repose sur une \u00e9mission absurde d\u00e9di\u00e9e \u00e0 la c\u00e9l\u00e9bration du \"rond\" sous toutes ses formes. L\u2019animateur et les participants sont plong\u00e9s dans un d\u00e9cor o\u00f9 tout est rond ou ponctu\u00e9 de motifs circulaires. L\u2019humour na\u00eet du s\u00e9rieux avec lequel cette th\u00e9matique est abord\u00e9e. La tension monte lorsque Max Rond, l\u2019invit\u00e9 de l\u2019\u00e9mission, se rend compte qu\u2019il n\u2019a \"pas un rond sur lui\", jouant ainsi sur le double sens de l\u2019expression.<br>La plante grasse, plac\u00e9e dans le d\u00e9cor, cr\u00e9e un contraste avec l\u2019omnipr\u00e9sence du rond, par sa silhouette plus rigide et angulaire. Elle sert aussi d\u2019\u00e9l\u00e9ment de rupture visuelle et narrative.\nLe plan mis en valeur est un gros plan sur Max Rond, au moment o\u00f9 il r\u00e9alise son oubli. Son expression et sa posture traduisent l\u2019absurdit\u00e9 et le comique de la situation.<\/h2>\t\t<\/div>\n\t\t\t\t<\/div>\n\t\t\t\t\t<\/div>\n\t\t\t\t<\/div>\n\t\t<div class=\"elementor-element elementor-element-51efb2c e-flex e-con-boxed wpr-particle-no wpr-jarallax-no wpr-parallax-no wpr-sticky-section-no e-con e-parent\" data-id=\"51efb2c\" data-element_type=\"container\">\n\t\t\t\t\t<div class=\"e-con-inner\">\n\t\t\t\t<div class=\"elementor-element elementor-element-f6f9c29 elementor-widget elementor-widget-heading\" data-id=\"f6f9c29\" data-element_type=\"widget\" data-widget_type=\"heading.default\">\n\t\t\t\t<div class=\"elementor-widget-container\">\n\t\t\t<h2 class=\"elementor-heading-title elementor-size-default\">Ce projet m\u2019a permis d\u2019explorer la narration absurde et le\npotentiel du contraste color\u00e9 pour appuyer le propos de l\u2019histoire.<\/h2>\t\t<\/div>\n\t\t\t\t<\/div>\n\t\t\t\t\t<\/div>\n\t\t\t\t<\/div>\n\t\t\t\t<\/div>\n\t\t","protected":false},"excerpt":{"rendered":"<p>Non-sens Photographie &#8211; Adobe IllustratorDNMADe &#8211; 2022 Narration par association Projet de mise en sc\u00e8ne et direction artistique Dans le cadre de cet exercice de narration par association, j\u2019ai construit un sc\u00e9nario \u00e0 partir de trois \u00e9l\u00e9ments impos\u00e9s : Une r\u00e9plique : \u00ab\u00a0J\u2019ai pas un rond sur moi\u00a0\u00bb Un lieu : Le plateau t\u00e9l\u00e9 d\u2019une \u00e9mission \u00e0 succ\u00e8s Un objet : Une plante grasse L\u2019objectif \u00e9tait de cr\u00e9er une s\u00e9quence qui mette en valeur un plan particulier et d\u2019explorer un contraste chromatique inspir\u00e9 de la th\u00e9orie d\u2019Itten, avec une gamme bichromatique. Approche visuelle J\u2019ai choisi une gamme bichromatique bas\u00e9e sur le contraste de couleur compl\u00e9mentaire d\u00e9fini par Itten, en opposant le jaune (associ\u00e9 \u00e0 la festivit\u00e9, la lumi\u00e8re et l\u2019\u00e9nergie du plateau t\u00e9l\u00e9) au bleu (repr\u00e9sentant Max Rond, \u00e9tranger au d\u00e9cor, en d\u00e9calage avec l\u2019ambiance de l\u2019\u00e9mission). Cette opposition accentue la dualit\u00e9 entre l\u2019univers de l\u2019\u00e9mission et l\u2019\u00e9tat d\u2019esprit du personnage principal, tout en renfor\u00e7ant l\u2019impact visuel de la sc\u00e8ne finale. Concept et mise en sc\u00e8ne Mon sc\u00e9nario repose sur une \u00e9mission absurde d\u00e9di\u00e9e \u00e0 la c\u00e9l\u00e9bration du \u00ab\u00a0rond\u00a0\u00bb sous toutes ses formes. L\u2019animateur et les participants sont plong\u00e9s dans un d\u00e9cor o\u00f9 tout est rond ou ponctu\u00e9 de motifs circulaires. L\u2019humour na\u00eet du s\u00e9rieux avec lequel cette th\u00e9matique est abord\u00e9e. La tension monte lorsque Max Rond, l\u2019invit\u00e9 de l\u2019\u00e9mission, se rend compte qu\u2019il n\u2019a \u00ab\u00a0pas un rond sur lui\u00a0\u00bb, jouant ainsi sur le double sens de l\u2019expression.La plante grasse, plac\u00e9e dans le d\u00e9cor, cr\u00e9e un contraste avec l\u2019omnipr\u00e9sence du rond, par sa silhouette plus rigide et angulaire. Elle sert aussi d\u2019\u00e9l\u00e9ment de rupture visuelle et narrative. Le plan mis en valeur est un gros plan sur Max Rond, au moment o\u00f9 il r\u00e9alise son oubli. Son expression et sa posture traduisent l\u2019absurdit\u00e9 et le comique de la situation. Ce projet m\u2019a permis d\u2019explorer la narration absurde et le potentiel du contraste color\u00e9 pour appuyer le propos de l\u2019histoire.<\/p>\n","protected":false},"author":1,"featured_media":0,"parent":0,"menu_order":0,"comment_status":"closed","ping_status":"closed","template":"","meta":{"site-sidebar-layout":"no-sidebar","site-content-layout":"","ast-site-content-layout":"full-width-container","site-content-style":"default","site-sidebar-style":"default","ast-global-header-display":"","ast-banner-title-visibility":"","ast-main-header-display":"","ast-hfb-above-header-display":"","ast-hfb-below-header-display":"","ast-hfb-mobile-header-display":"","site-post-title":"disabled","ast-breadcrumbs-content":"","ast-featured-img":"disabled","footer-sml-layout":"","theme-transparent-header-meta":"","adv-header-id-meta":"","stick-header-meta":"","header-above-stick-meta":"","header-main-stick-meta":"","header-below-stick-meta":"","astra-migrate-meta-layouts":"default","ast-page-background-enabled":"default","ast-page-background-meta":{"desktop":{"background-color":"var(--ast-global-color-4)","background-image":"","background-repeat":"repeat","background-position":"center center","background-size":"auto","background-attachment":"scroll","background-type":"","background-media":"","overlay-type":"","overlay-color":"","overlay-opacity":"","overlay-gradient":""},"tablet":{"background-color":"","background-image":"","background-repeat":"repeat","background-position":"center center","background-size":"auto","background-attachment":"scroll","background-type":"","background-media":"","overlay-type":"","overlay-color":"","overlay-opacity":"","overlay-gradient":""},"mobile":{"background-color":"","background-image":"","background-repeat":"repeat","background-position":"center center","background-size":"auto","background-attachment":"scroll","background-type":"","background-media":"","overlay-type":"","overlay-color":"","overlay-opacity":"","overlay-gradient":""}},"ast-content-background-meta":{"desktop":{"background-color":"var(--ast-global-color-5)","background-image":"","background-repeat":"repeat","background-position":"center center","background-size":"auto","background-attachment":"scroll","background-type":"","background-media":"","overlay-type":"","overlay-color":"","overlay-opacity":"","overlay-gradient":""},"tablet":{"background-color":"var(--ast-global-color-5)","background-image":"","background-repeat":"repeat","background-position":"center center","background-size":"auto","background-attachment":"scroll","background-type":"","background-media":"","overlay-type":"","overlay-color":"","overlay-opacity":"","overlay-gradient":""},"mobile":{"background-color":"var(--ast-global-color-5)","background-image":"","background-repeat":"repeat","background-position":"center center","background-size":"auto","background-attachment":"scroll","background-type":"","background-media":"","overlay-type":"","overlay-color":"","overlay-opacity":"","overlay-gradient":""}},"footnotes":""},"class_list":["post-366","page","type-page","status-publish","hentry"],"_links":{"self":[{"href":"https:\/\/axelle-lataix.art\/index.php?rest_route=\/wp\/v2\/pages\/366","targetHints":{"allow":["GET"]}}],"collection":[{"href":"https:\/\/axelle-lataix.art\/index.php?rest_route=\/wp\/v2\/pages"}],"about":[{"href":"https:\/\/axelle-lataix.art\/index.php?rest_route=\/wp\/v2\/types\/page"}],"author":[{"embeddable":true,"href":"https:\/\/axelle-lataix.art\/index.php?rest_route=\/wp\/v2\/users\/1"}],"replies":[{"embeddable":true,"href":"https:\/\/axelle-lataix.art\/index.php?rest_route=%2Fwp%2Fv2%2Fcomments&post=366"}],"version-history":[{"count":20,"href":"https:\/\/axelle-lataix.art\/index.php?rest_route=\/wp\/v2\/pages\/366\/revisions"}],"predecessor-version":[{"id":1007,"href":"https:\/\/axelle-lataix.art\/index.php?rest_route=\/wp\/v2\/pages\/366\/revisions\/1007"}],"wp:attachment":[{"href":"https:\/\/axelle-lataix.art\/index.php?rest_route=%2Fwp%2Fv2%2Fmedia&parent=366"}],"curies":[{"name":"wp","href":"https:\/\/api.w.org\/{rel}","templated":true}]}}